 9984 is divided by 4119.
1746
What is the remainder when 51582 is divided by 70?
62
Calculate the remainder when 5203 is divided by 38.
35
What is the remainder when 488624 is divided by 110?
4
What is the remainder when 2559 is divided by 654?
597
Calculate the remainder when 17708 is divided by 260.
28
What is the remainder when 112364 is divided by 642?
14
What is the remainder when 224258 is divided by 81?
50
What is the remainder when 26663 is divided by 188?
155
Calculate the remainder when 404 is divided by 152.
100
Calculate the remainder when 873 is divided by 667.
206
Calculate the remainder when 3469 is divided by 290.
279
Calculate the remainder when 63217 is divided by 2336.
145
Calculate the remainder when 1681678 is divided by 924.
922
What is the remainder when 90540 is divided by 854?
16
Calculate the remainder when 2081 is divided by 296.
9
Calculate the remainder when 11075 is divided by 277.
272
What is the remainder when 1707 is divided by 585?
537
Calculate the remainder when 4255 is divided by 60.
55
What is the remainder when 5626 is divided by 437?
382
Calculate the remainder when 1204 is divided by 16.
4
Calculate the remainder when 21583 is divided by 3590.
43
Calculate the remainder when 1554 is divided by 310.
4
What is the remainder when 1099 is divided by 74?
63
Calculate the remainder when 75723 is divided by 81.
69
What is the remainder when 4736 is divided by 2350?
36
What is the remainder when 2065 is divided by 187?
8
What is the remainder when 17287 is divided by 3240?
1087
What is the remainder when 314832 is divided by 139?
136
Calculate the remainder when 3388 is divided by 334.
48
What is the remainder when 98354 is divided by 15?
14
Calculate the remainder when 845430 is divided by 868.
866
What is the remainder when 180630 is divided by 18063?
0
What is the remainder when 156782 is divided by 11?
10
What is the remainder when 12466 is divided by 6231?
4
Calculate the remainder when 33676 is divided by 33641.
35
Calculate the remainder when 274342 is divided by 18.
4
Calculate the remainder when 2360278 is divided by 26.
24
What is the remainder when 1604 is divided by 67?
63
What is the remainder when 2869163 is divided by 12?
11
What is the remainder when 17275 is divided by 17269?
6
Calculate the remainder when 3451 is divided by 232.
203
Calculate the remainder when 6091798 is divided by 426.
424
What is the remainder when 17804 is divided by 136?
124
What is the remainder when 52539 is divided by 249?
0
Calculate the remainder when 54029 is divided by 28.
17
Calculate the remainder when 28941 is divided by 14124.
693
What is the remainder when 3931 is divided by 164?
159
What is the remainder when 119200 is divided by 12?
4
What is the remainder when 29451 is divided by 11?
4
Calculate the remainder when 1888 is divided by 75.
13
Calculate the remainder when 219235 is divided by 17.
3
Calculate the remainder when 1220014 is divided by 112.
110
Calculate the remainder when 5507 is divided by 912.
35
What is the remainder when 3224218 is divided by 17?
15
Calculate the remainder when 78094 is divided by 462.
16
Calculate the remainder when 4549 is divided by 360.
229
What is the remainder when 185546 is divided by 25?
21
What is the remainder when 528 is divided by 81?
42
What is the remainder when 1465 is divided by 375?
340
Calculate the remainder when 124402 is divided by 876.
10
Calculate the remainder when 78216 is divided by 783.
699
What is the remainder when 9680 is divided by 3017?
629
Calculate the remainder when 504 is divided by 161.
21
What is the remainder when 1557 is divided by 26?
23
Calculate the remainder when 76543 is divided by 18.
7
Calculate the remainder when 328748 is divided by 19337.
19
What is the remainder when 27656 is divided by 9216?
8
Calculate the remainder when 18226 is divided by 1516.
34
Calculate the remainder when 3807 is divided by 56.
55
Calculate the remainder when 208479 is divided by 16.
15
What is the remainder when 20268 is divided by 2895?
3
What is the remainder when 241 is divided by 104?
33
What is the remainder when 278665 is divided by 27?
25
What is the remainder when 15215 is divided by 7210?
795
Calculate the remainder when 47055 is divided by 15680.
15
What is the remainder when 2430 is divided by 2117?
313
What is the remainder when 6217 is divided by 18?
7
What is the remainder when 6818 is divided by 693?
581
What is the remainder when 35998 is divided by 47?
43
Calculate the remainder when 27961 is divided by 582.
25
Calculate the remainder when 28708 is divided by 83.
73
What is the remainder when 1700435 is divided by 188936?
11
What is the remainder when 67439 is divided by 44?
31
Calculate the remainder when 135190 is divided by 393.
391
What is the remainder when 1682 is divided by 130?
122
What is the remainder when 751005 is divided by 66?
57
What is the remainder when 13130 is divided by 196?
194
What is the remainder when 74917 is divided by 24972?
1
What is the remainder when 24735 is divided by 8243?
6
Calculate the remainder when 1209600 is divided by 29.
10
Calculate the remainder when 357959 is divided by 628.
627
What is the remainder when 42474 is divided by 82?
80
What is the remainder when 4903 is divided by 1546?
265
What is the remainder when 42772 is divided by 14139?
355
Calculate the remainder when 36907 is divided by 19.
9
Calculate the remainder when 132637 is divided by 23.
19
What is the remainder when 48088 is divided by 17?
12
Calculate the remainder when 1756 is divided by 7.
6
What is the remainder when 489319 is divided by 199?
177
What is the remainder when 662 is divided by 162?
14
What is the remainder when 6299 is divided by 45?
44
What is the remainder when 7717 is divided by 2562?
31
Calculate the remainder when 758 is divided by 675.
83
What is the remainder when 208767 is divided by 96?
63
Calculate the remainder when 123030 is divided by 14.
12
Calculate the remainder when 11097 is divided by 52.
21
What is the remainder when 3031 is divided by 607?
603
What is the remainder when 60517 is divided by 10?
7
Calculate the remainder when 7436 is divided by 3709.
18
What is the remainder when 72359 is divided by 97?
94
Calculate the remainder when 187791 is divided by 44.
43
What is the remainder when 1783 is divided by 305?
258
Calculate the remainder when 5617 is divided by 2786.
45
Calculate the remainder when 3357 is divided by 59.
53
What is the remainder when 6685 is divided by 185?
25
What is the remainder when 7221 is divided by 2403?
12
Calculate the remainder when 6607 is divided by 76.
71
What is the remainder when 704760 is divided by 46?
40
What is the remainder when 188507 is divided by 188498?
9
Calculate the remainder when 1640 is divided by 1593.
47
What is the remainder when 4208 is divided by 159?
74
What is the remainder when 2721087 is divided by 1360541?
5
What is the remainder when 27129 is divided by 357?
354
Calculate the remainder when 66609 is divided by 71.
11
What is the remainder when 36381 is divided by 65?
46
Calculate the remainder when 886 is divided by 27.
22
Calculate the remainder when 103836 is divided by 63.
12
What is the remainder when 145593 is divided by 18195?
33
Calculate the remainder when 10613 is divided by 226.
217
What is the remainder when 6687 is divided by 2171?
174
Calculate the remainder when 170633 is divided by 58.
55
Calculate the remainder when 8510 is divided by 133.
131
What is the remainder when 846 is divided by 46?
18
What is the remainder when 12544 is divided by 19?
4
What is the remainder when 1865 is divided by 39?
32
Calculate the remainder when 4642 is divided by 512.
34
Calculate the remainder when 40321 is divided by 21.
1
What is the remainder when 8799 is divided by 2133?
267
Calculate the remainder when 14531 is divided by 23.
18
What is the remainder when 16382 is divided by 5424?
110
Calculate the remainder when 13717 is divided by 1522.
19
What is the remainder when 72739 is divided by 59?
51
What is the remainder when 2179889 is divided by 572?
569
What is the remainder when 1188 is divided by 617?
571
What is the remainder when 4593 is divided by 764?
9
Calculate the remainder when 22890 is divided by 166.
148
Calculate 